econd derivative of -x**7/2520 - x**6/144 + x**5/60 + x**4/3 + 4*x. Let y(n) be the third derivative of m(n). What is the units digit of y(-4)?
6
Suppose 3*v - 2031 = 8*g + 28, 4*v - 2755 = g. What is the hundreds digit of v?
6
Suppose -7*x - 12 = -11*x. Suppose 37 = -4*v + 3*w, -x*w + 2 = -2*v + 3*v. Let z = v - -36. What is the units digit of z?
9
Let a = -73 + 127. What is the tens digit of a?
5
Let b = -18 + 20. Suppose -b*z = -10, 2*p + z = 138 - 55. What is the units digit of p?
9
Let l(u) = 82*u**2 + 4*u - 4. Let s be l(1). Suppose 406 - s = 4*k. What is the units digit of k?
1
Let g(y) = -y**3 - 13*y**2 + 6. Let c be g(-13). Suppose -8 = -8*n + c*n. Suppose -152 = -4*z + n*k, -k = -4*k - 12. What is the units digit of z?
4
Let c = -3 - 2. What is the units digit of ((-4)/c)/(10/400)?
2
Let s(r) = r + 56. Suppose k + 56 = -3*d, 6*d - 2*k + 58 = 2*d. What is the tens digit of s(d)?
3
Let t(x) = -2*x**2 - 16*x + 16. Let p be t(-9). What is the tens digit of 25 - (12/(-16) + p/8)?
2
Suppose 2*t = 4*f - 4870 - 422, -5*f + 6615 = 4*t. What is the hundreds digit of f?
3
Suppose 4*h - 5*s - 781 - 531 = 0, 5*s = 2*h - 656. What is the hundreds digit of h?
3
Let a = -595 + 848. What is the units digit of a?
3
Suppose -3*s + 6*s + 540 = 0. What is the tens digit of (s/14)/(2/(-14))?
9
What is the hundreds digit of -24*(4 - (-200)/(-12))?
3
Let m be (-9)/(-18) - (-15)/2. Suppose -2*a - 3*j = -5 - 6, 3*a = 4*j + m. Suppose -14 = -u - a*r, -2*u - 3*r = -50 + 7. What is the tens digit of u?
2
Let t(d) = 2*d**2 - 13*d + 3. Let h = 32 + -23. What is the units digit of t(h)?
8
Suppose -2*a + 1482 = -o, -a + 648 = -2*o - 90. What is the tens digit of a?
4
Let h = 11 + 3. Suppose -h*l + 10*l + 260 = 0. What is the tens digit of l?
6
Suppose 17*v = 16*v + 4. Suppose -5*o = -3*d + 149, 2*d = -0*d + v*o + 98. What is the units digit of d?
3
Let k(i) = 11*i - 1. Let o be k(1). Suppose -3*l - o = -1. What is the tens digit of (4 + -47)/(l + 2)?
4
Let j(w) = -w**2 + 12*w - 33. What is the units digit of j(7)?
2
Suppose -184008 = -179*l + 146*l. What is the tens digit of l?
7
Let k = -168 + 726. What is the hundreds digit of k?
5
Suppose -8*t + 4*t + 4 = 0. Suppose -t - 435 = -4*v. Let a = -39 + v. What is the units digit of a?
0
Let o(z) = 533*z**2 + 70*z - 136. What is the tens digit of o(2)?
3
Let u(o) = -o**2 + 4*o + 9. Let a be u(5). Suppose -v - a*d + 10 = -0*d, -2*d = 2*v - 32. What is the units digit of v?
8
Let x(w) = 9*w**2 - w - 11. Suppose 5*j = f - 0*f - 24, 3*f - j = 16. What is the units digit of x(f)?
9
Suppose 202*h - 10479 = 195*h. What is the thousands digit of h?
1
Let i = -918 + 1493. What is the tens digit of i?
7
Let j(p) = 27*p - 183. Let r(a) = 11*a - 73. Let u(w) = -5*j(w) + 12*r(w). What is the tens digit of u(-16)?
8
Let d(a) = a**3 - a**2 - 7*a - 11. Suppose 2*u = -15*u + 119. What is the hundreds digit of d(u)?
2
Suppose -5*w = 3*x - 78, 4*w + 4*x = 2*x + 62. What is the tens digit of (-670)/(-4)*(-6)/w*-2?
3
Suppose 0 = 4*z + 3*f - 395, -41 = -5*f - 16. What is the tens digit of z?
9
Let t be 15/(-6)*(0 + -2). Suppose 3*d = 15, 215 = t*m + 6*d - 2*d. What is the units digit of m?
9
Let l be ((9 - 8) + 2*1)*6. Let n(c) = c**3 - 16*c**2 - 24*c - 32. What is the tens digit of n(l)?
8
Let q(z) = -38*z + 45. What is the hundreds digit of q(-5)?
2
Let x be (-2)/10 - 1/(-5). Suppose 4*q - 147 - 85 = x. Suppose 15 = -t + q. What is the units digit of t?
3
Suppose -3*z = -4*v - 1380, -6*v + 916 = 2*z - 10*v. What is the units digit of z?
4
Suppose 2*v = p + 664, 5*v - 415 - 1260 = -5*p. What is the hundreds digit of v?
3
Suppose -h = -18 - 45. Let r = -35 + h. What is the units digit of r?
8
Suppose 6*x - 21 = 51. Suppose 5*t - t + x = 0. What is the tens digit of (-2 - t)/(3/33)?
1
Suppose 0 = -2*f - 2*x + 2058, 5*f - f + 5*x = 4115. What is the hundreds digit of f?
0
Suppose -3*w = -0*w + 12, 2*w - 307 = -5*j. What is the tens digit of ((-14)/(-21))/(2/j)?
2
Suppose 18*q = -169 + 4183. What is the units digit of q?
3
Let o(v) = -v**2 - 14*v + 2. Suppose -46 = 2*l - 18. Let t be o(l). Suppose 0 = -w + 1, t*s - 2*w + w = 11. What is the units digit of s?
6
Let o = -357 - -355. Suppose 5*z = -154 - 71. What is the tens digit of (-1746)/z + o/(-10)?
3
Let r(x) = 7*x**2 + 21*x - 28. Let d(l) = 15*l**2 + 43*l - 56. Let n(y) = -6*d(y) + 13*r(y). What is the units digit of n(-17)?
6
Let w(o) = 921*o + 445. What is the hundreds digit of w(3)?
2
Let b = 59 - 57. Suppose 0 = -5*q - 5*i + 180, -b*i + 5 = -3. What is the tens digit of q?
3
Let g(t) = t + 5. Let m(w) = 4*w + 24. Let k(a) = 28*g(a) - 6*m(a). Let j(d) = d. Let q(o) = -j(o) - k(o). What is the tens digit of q(-4)?
2
Suppose -4 = -2*x, -4*o - 2*x - 1 - 23 = 0. Let m = o - -50. What is the units digit of m?
3
Let i(w) = -w**3 + 6*w**2 + 2. Let p be i(6). What is the units digit of 134*(-1)/(-6)*(p - -1)?
7
Let v(g) = -g**3 + 30*g**2 + 124*g + 24. What is the thousands digit of v(31)?
2
Let b(g) = 29*g + 2. What is the tens digit of b(5)?
4
Suppose -5*k + 16 = -a - 1, -4*a - 17 = -3*k. Suppose 0 = -k*x + 332 - 26. What is the units digit of x?
2
Let a be -4 + 13 - (2 - -1). Let b(r) = 3*r - 3. Let h be b(a). Suppose h*c - 111 = 12*c. What is the units digit of c?
7
Suppose -1663 = 7*i - 7109. What is the hundreds digit of i?
7
Let i(a) = a**3 + 23*a**2 - 28*a - 33. What is the hundreds digit of i(-20)?
7
Let q = 1894 - 526. What is the thousands digit of q?
1
Suppose 0 = 2*v - 71 - 105. What is the tens digit of v?
8
Let v(h) = -h**2 + 7*h - 6. Let t be v(4). Let m be ((-2)/(-5))/(2/(-10)). What is the tens digit of t/m - 360/(-10)?
3
Let q = 321 + 1027. What is the units digit of q?
8
Suppose -j + 17 = 5*d, 2*j = 3*j - 5*d + 13. Suppose -2*y - 8 - j = -3*p, -12 = -2*p + 4*y. What is the units digit of p + 1 + -1 - 0?
2
Suppose -3*t + 1168 = 4*d - 30, 3*t - 2*d = 1174. What is the units digit of t?
4
Let j = -122 + 126. Let l(o) be the first derivative of o**2/2 - o - 1. What is the units digit of l(j)?
3
Suppose -1323 - 505 = -4*g. What is the hundreds digit of g?
4
What is the hundreds digit of (318/(-8))/(681/(-168) - -4)?
7
Let r be -3 - (-9)/3*2. Let n be -2 - r*8/3. What is the tens digit of (8/n)/((-8)/260)?
2
Suppose 2*t + 4*f = 854, -7*t = -3*t + 5*f - 1714. What is the hundreds digit of t?
4
Let g(t) = t**3 - 9*t**2 - 12*t + 32. Let y be g(10). What is the hundreds digit of 2/y - 1899/108*-10?
1
Let m = -22 - -26. Suppose -n - 4*n + 10 = 3*y, 2*n = -5*y + m. Suppose -5*w = 5*t - 145, -5*w + 2*w + n*t + 112 = 0. What is the tens digit of w?
3
Let t(s) = -6*s - 8. Let o be t(-2). Suppose 5*b + f = -0*f + 168, o*b = 5*f + 117. What is the tens digit of b?
3
Suppose 2 = o - 0*o. Let c = 2 + o. Suppose -c*z + 13 + 27 = 0. What is the units digit of z?
0
Let u = -26 - -30. Let l(z) = -z + 9. Let i be l(u). Suppose -i*s + 21 = -2*s. What is the units digit of s?
7
What is the tens digit of ((-108)/63)/((-3)/(-84)*-1)?
4
Suppose -45*i + 30151 = -34*i. What is the tens digit of i?
4
Suppose o - 5*o - 12 = -5*l, l = 3*o - 2. Suppose 3*r + 0*c - 45 = -2*c, -o*c = 0. What is the units digit of r/25 + (-124)/(-10)?
3
What is the hundreds digit of (1 - 10202/(-14)) + 46/161?
7
Let z = 298 + -144. What is the units digit of z?
4
Suppose p - 146 = 2*x - x, -154 = -p + 5*x. Let q = p - 4. What is the tens digit of q?
4
Let j(w) = w**3 - 16*w**2 + 24*w + 6. Let u be j(16). Suppose 2*o = -3*s - 135 + u, 2*s - 154 = 4*o. What is the units digit of s?
3
Let w = 179 - 172. Let r be -2*1/5*-5. Suppose -3*d - 5*x = w, 4 = -r*d - 3*x + 1. What is the units digit of d?
6
Let y(p) = 4*p**2 + 38*p - 124. What is the tens digit of y(-30)?
3
Suppose -7*k - 12 = -11*k. What is the units digit of 3*(-4)/((-12)/k)?
3
Let f(o) = 2*o - 1. Let y be f(2). Suppose 36*w - 38*w + 8 = 0. Suppose -54 = -j + w*a - 14, -124 = -2*j - y*a. What is the tens digit of j?
5
Let h(x) = -4*x - 20. Suppose 5 = 3*y - 13. Let j be y/4*60/(-9). What is the tens digit of h(j)?
2
What is the tens digit of 4/(-38) - (-18702)/57?
2
Suppose 3*q = 5*h - 3687, -7*q + 8*q = -2*h + 1477. What is the hundreds digit of h?
7
What is the tens digit of -4*148/(-16)*14?
1
What is the hundreds digit of (-42)/(-168) - 14902/(-8)?
8
Let h(y) = y + 1